{"id":412,"date":"2024-11-16T20:12:40","date_gmt":"2024-11-16T13:12:40","guid":{"rendered":"https:\/\/hugvietnam.com\/?page_id=412"},"modified":"2024-11-18T13:47:54","modified_gmt":"2024-11-18T06:47:54","slug":"chuyen-gia-dao-tao","status":"publish","type":"page","link":"https:\/\/hugvietnam.com\/?page_id=412","title":{"rendered":"Chuy\u00ean gia t\u01b0 v\u1ea5n"},"content":{"rendered":"\n<figure class=\"wp-block-image size-large is-resized\"><img loading=\"lazy\" decoding=\"async\" width=\"683\" height=\"1024\" src=\"https:\/\/hugvietnam.com\/wp-content\/uploads\/2024\/11\/RED04063-683x1024.jpg\" alt=\"\" class=\"wp-image-621\" style=\"width:203px;height:auto\" srcset=\"https:\/\/hugvietnam.com\/wp-content\/uploads\/2024\/11\/RED04063-683x1024.jpg 683w, https:\/\/hugvietnam.com\/wp-content\/uploads\/2024\/11\/RED04063-200x300.jpg 200w, https:\/\/hugvietnam.com\/wp-content\/uploads\/2024\/11\/RED04063-768x1152.jpg 768w, https:\/\/hugvietnam.com\/wp-content\/uploads\/2024\/11\/RED04063-600x900.jpg 600w, https:\/\/hugvietnam.com\/wp-content\/uploads\/2024\/11\/RED04063.jpg 978w\" sizes=\"auto, (max-width: 683px) 100vw, 683px\" \/><\/figure>\n\n\n\n<p><\/p>\n\n\n\n<p>C\u00f4&nbsp;<strong>Kamonluck Hongyok<\/strong>&nbsp;(hay c\u00f2n \u0111\u01b0\u1ee3c g\u1ecdi l\u00e0 c\u00f4&nbsp;<strong>Alex<\/strong>) \u2013 C\u00f4 l\u00e0 m\u1ed9t nh\u00e0 hu\u1ea5n luy\u1ec7n h\u00e0ng \u0111\u1ea7u v\u1ec1 ph\u00e1t tri\u1ec3n c\u00e1 nh\u00e2n v\u1edbi h\u01a1n 30 n\u0103m kinh nghi\u1ec7m v\u1ec1 l\u0129nh v\u1ef1c n\u00e0y v\u1edbi r\u1ea5t nhi\u1ec1u ch\u01b0\u01a1ng tr\u00ecnh t\u1ea1i c\u00e1c th\u00e0nh ph\u1ed1 v\u00e0 c\u00e1c qu\u1ed1c gia kh\u00e1c nhau nh\u01b0 M\u1ef9, \u00dac, Nh\u1eadt B\u1ea3n, Philipine, Th\u00e1i Lan, L\u00e0o, Myanmar, v.v&#8230;<\/p>\n\n\n\n<p><\/p>\n\n\n\n<p>C\u00f4 b\u1eaft \u0111\u1ea7u s\u1ef1 nghi\u1ec7p sau khi t\u1ed1t nghi\u1ec7p \u0110\u1ea1i h\u1ecdc v\u00e0 \u0111\u01b0\u1ee3c \u0111\u00e0o t\u1ea1o b\u1edfi kh\u00f3a h\u1ecdc Life Dynamic (\u0111\u1ed9ng l\u1ef1c s\u1ed1ng) t\u1ea1i Nh\u1eadt, v\u1edbi ni\u1ec1m \u0111am m\u00ea trong c\u00f4ng vi\u1ec7c t\u01b0 v\u1ea5n v\u00e0 s\u1ef1 kh\u00e1t khao d\u1eabn d\u1eaft \u0111\u1ec3 con ng\u01b0\u1eddi c\u00f3 th\u1ec3 khai ph\u00e1 s\u1ee9c m\u1ea1nh ti\u1ec1m t\u00e0ng b\u00ean trong h\u1ecd, c\u00f4 \u0111\u00e3 tr\u1ef1c ti\u1ebfp hu\u1ea5n luy\u1ec7n v\u00e0 nghi\u00ean c\u1ee9u s\u00e2u v\u1ec1 t\u00e2m l\u00fd c\u0169ng nh\u01b0 c\u00e1ch gi\u00fap con ng\u01b0\u1eddi ph\u00e1t tri\u1ec3n kh\u00f4ng gi\u1edbi h\u1ea1n trong su\u1ed1t nh\u1eefng n\u0103m qua. C\u00f4 \u0111\u00e3 x\u00e2y d\u1ef1ng v\u00e0 th\u1ef1c hi\u1ec7n c\u00e1c ch\u01b0\u01a1ng tr\u00ecnh \u0111\u1ed9c \u0111\u00e1o nh\u01b0: &#8220;L\u00e3nh \u0111\u1ea1o \u0111\u1ebfn th\u00e0nh c\u00f4ng b\u1eb1ng tr\u00e1i tim c\u1ee7a H.U.G&#8221;, \u201cT\u1ef1 ra Quy\u1ebft \u0111\u1ecbnh \u0111\u1ec3 \u0111\u1ea1t m\u1ee5c ti\u00eau\u201d, \u201cGiao ti\u1ebfp b\u1eb1ng tr\u00e1i tim\u201d, \u201cThi\u1ebft l\u1eadp m\u1ee5c ti\u00eau \u0111\u1ec3 th\u00e0nh c\u00f4ng b\u1eb1ng tr\u00e1i tim\u201d, v.v\u2026 <\/p>\n\n\n\n<p><\/p>\n\n\n\n<p>Ngo\u00e0i c\u00e1c ch\u01b0\u01a1ng tr\u00ecnh hu\u1ea5n luy\u00ean c\u00e1 nh\u00e2n, c\u00f4 c\u0169ng \u0111\u00e3 c\u00f3 kinh nghi\u1ec7m \u0111\u00e0o t\u1ea1o nh\u00e2n s\u1ef1 cho r\u1ea5t nhi\u1ec1u c\u00f4ng ty l\u1edbn tr\u00ean to\u00e0n c\u1ea7u nh\u01b0 CP Food, SCG, Thai Union, Toyota, Itachi, Taxi Mai Linh, v.v&#8230;<\/p>\n\n\n\n<p><\/p>\n\n\n\n<p>V\u1edbi ni\u1ec1m tin r\u1eafng th\u00e0nh c\u00f4ng s\u1ebd \u0111\u1ebfn t\u1eeb t\u00ecnh y\u00eau th\u01b0\u01a1ng, c\u00f4 Alex \u0111\u00e3 t\u1eebng \u0111i d\u1ea1y t\u1eeb thi\u1ec7n t\u1ea1i c\u00e1c tr\u1ea1i gi\u00e1o d\u01b0\u1ee1ng cho thanh thi\u1ebfu ni\u00ean \u1edf Th\u00e1i Lan. C\u00f4 hi\u1ec7n c\u0169ng l\u00e0 hi\u1ec7u tr\u01b0\u1edfng c\u1ee7a tr\u01b0\u1eddng m\u1ea7m non phi l\u1ee3i nhu\u1eadn OISCA International tr\u1ee5 s\u1edf t\u1ea1i Th\u00e1i Lan.<\/p>\n\n\n\n<p><\/p>\n\n\n\n<p>Hi\u1ec7n t\u1ea1i c\u00f4 Alex \u0111ang l\u00e0 Ch\u1ee7 t\u1ecbch H\u1ed9i \u0111\u1ed3ng th\u00e0nh vi\u00ean c\u1ee7a C\u00f4ng ty TNHH \u0110\u00e0o t\u1ea1o H.U.G Vi\u1ec7t Nam, v\u00e0 c\u0169ng l\u00e0 ng\u01b0\u1eddi ph\u00e1t tri\u1ec3n kh\u00f3a tr\u1ea3i nghi\u1ec7m L\u00e3nh \u0111\u1ea1o \u0111\u1ebfn th\u00e0nh c\u00f4ng b\u1eb1ng tr\u00e1i tim c\u1ee7a H.U.G.<\/p>\n\n\n\n<p><\/p>\n","protected":false},"excerpt":{"rendered":"<p>C\u00f4&nbsp;Kamonluck Hongyok&nbsp;(hay c\u00f2n \u0111\u01b0\u1ee3c g\u1ecdi l\u00e0 c\u00f4&nbsp;Alex) \u2013 C\u00f4 l\u00e0 m\u1ed9t nh\u00e0 hu\u1ea5n luy\u1ec7n h\u00e0ng \u0111\u1ea7u v\u1ec1 ph\u00e1t tri\u1ec3n c\u00e1 nh\u00e2n v\u1edbi h\u01a1n 30 n\u0103m&hellip;<\/p>\n","protected":false},"author":4,"featured_media":216,"parent":0,"menu_order":0,"comment_status":"closed","ping_status":"closed","template":"","meta":{"_gspb_post_css":"","jetpack_post_was_ever_published":false,"footnotes":""},"class_list":["post-412","page","type-page","status-publish","has-post-thumbnail","hentry"],"jetpack_sharing_enabled":true,"_links":{"self":[{"href":"https:\/\/hugvietnam.com\/index.php?rest_route=\/wp\/v2\/pages\/412","targetHints":{"allow":["GET"]}}],"collection":[{"href":"https:\/\/hugvietnam.com\/index.php?rest_route=\/wp\/v2\/pages"}],"about":[{"href":"https:\/\/hugvietnam.com\/index.php?rest_route=\/wp\/v2\/types\/page"}],"author":[{"embeddable":true,"href":"https:\/\/hugvietnam.com\/index.php?rest_route=\/wp\/v2\/users\/4"}],"replies":[{"embeddable":true,"href":"https:\/\/hugvietnam.com\/index.php?rest_route=%2Fwp%2Fv2%2Fcomments&post=412"}],"version-history":[{"count":0,"href":"https:\/\/hugvietnam.com\/index.php?rest_route=\/wp\/v2\/pages\/412\/revisions"}],"wp:featuredmedia":[{"embeddable":true,"href":"https:\/\/hugvietnam.com\/index.php?rest_route=\/wp\/v2\/media\/216"}],"wp:attachment":[{"href":"https:\/\/hugvietnam.com\/index.php?rest_route=%2Fwp%2Fv2%2Fmedia&parent=412"}],"curies":[{"name":"wp","href":"https:\/\/api.w.org\/{rel}","templated":true}]}}